{"id":133,"date":"2016-12-19T00:52:08","date_gmt":"2016-12-19T00:52:08","guid":{"rendered":"http:\/\/tomasvelzel.cz\/?page_id=133"},"modified":"2026-01-01T13:48:47","modified_gmt":"2026-01-01T13:48:47","slug":"pisnicky","status":"publish","type":"page","link":"https:\/\/tomasvelzel.cz\/?page_id=133","title":{"rendered":"Jin\u00e9"},"content":{"rendered":"<p><img loading=\"lazy\" decoding=\"async\" class=\"size-large wp-image-198 aligncenter\" src=\"https:\/\/tomasvelzel.cz\/wp-content\/uploads\/2016\/12\/zajimavo-1024x321.png\" alt=\"\" width=\"960\" height=\"301\" srcset=\"https:\/\/tomasvelzel.cz\/wp-content\/uploads\/2016\/12\/zajimavo-1024x321.png 1024w, https:\/\/tomasvelzel.cz\/wp-content\/uploads\/2016\/12\/zajimavo-300x94.png 300w, https:\/\/tomasvelzel.cz\/wp-content\/uploads\/2016\/12\/zajimavo-768x241.png 768w, https:\/\/tomasvelzel.cz\/wp-content\/uploads\/2016\/12\/zajimavo.png 1440w\" sizes=\"auto, (max-width: 960px) 100vw, 960px\" \/><\/p>\n<p style=\"text-align: center;\"><div class=\"ffs-sep\" id=\"ffs-sep-90\" style=\"border-bottom:1px solid #ebebeb;  height:10px; \"><\/div><div class=\"clearfix\"><\/div><\/p>\n<p style=\"text-align: center;\">Nev\u00edm jestli to v\u00edte, ale hraju a skl\u00e1d\u00e1m p\u00edsn\u011b v kapele <a href=\"http:\/\/www.silenceandjoy.com\">Silence and Joy<\/a>!<\/p>\n<p style=\"text-align: center;\"><img loading=\"lazy\" decoding=\"async\" class=\"aligncenter wp-image-1102 size-full\" src=\"https:\/\/tomasvelzel.cz\/wp-content\/uploads\/2026\/01\/Snimek-obrazovky-2026-01-01-v-14.46.44.png\" alt=\"\" width=\"2846\" height=\"1402\" srcset=\"https:\/\/tomasvelzel.cz\/wp-content\/uploads\/2026\/01\/Snimek-obrazovky-2026-01-01-v-14.46.44.png 2846w, https:\/\/tomasvelzel.cz\/wp-content\/uploads\/2026\/01\/Snimek-obrazovky-2026-01-01-v-14.46.44-300x148.png 300w, https:\/\/tomasvelzel.cz\/wp-content\/uploads\/2026\/01\/Snimek-obrazovky-2026-01-01-v-14.46.44-1024x504.png 1024w, https:\/\/tomasvelzel.cz\/wp-content\/uploads\/2026\/01\/Snimek-obrazovky-2026-01-01-v-14.46.44-768x378.png 768w, https:\/\/tomasvelzel.cz\/wp-content\/uploads\/2026\/01\/Snimek-obrazovky-2026-01-01-v-14.46.44-1536x757.png 1536w, https:\/\/tomasvelzel.cz\/wp-content\/uploads\/2026\/01\/Snimek-obrazovky-2026-01-01-v-14.46.44-2048x1009.png 2048w\" sizes=\"auto, (max-width: 2846px) 100vw, 2846px\" \/><\/p>\n<p style=\"text-align: center;\">Skl\u00e1d\u00e1m a tvo\u0159\u00edm tak\u00e9 p\u00edsn\u011b pro d\u011bti, kter\u00e9 tak\u00e9 vyu\u017e\u00edv\u00e1m ve sv\u00fdch divadeln\u00edch p\u0159edstaven\u00edch. M\u00e1m u\u017e na kont\u011b dv\u011b hudebn\u00ed CD pro d\u011bti. CD\u00e9\u010dko pln\u00e9 radostn\u00fdch a nau\u010dn\u00fdch p\u00edsn\u00ed s n\u00e1zvem &#8222;TVRDOHLAV\u00dd PES&#8220; a k\u0159es\u0165ansk\u00e9 CD pro celou rodinu nesouc\u00ed n\u00e1zev &#8222;V\u0160E, CO D\u011aL\u00c1M&#8230;&#8220;.<\/p>\n<p style=\"text-align: center;\"><a href=\"https:\/\/www.supraphonline.cz\/album\/600540-tvrdohlavy-pes\" target=\"_blank\" rel=\"noopener\"><img loading=\"lazy\" decoding=\"async\" class=\"size-medium wp-image-213 aligncenter\" src=\"https:\/\/tomasvelzel.cz\/wp-content\/uploads\/2016\/12\/Tvrdohlav\u00fd-pes-300x300.png\" alt=\"\" width=\"300\" height=\"300\" srcset=\"https:\/\/tomasvelzel.cz\/wp-content\/uploads\/2016\/12\/Tvrdohlav\u00fd-pes-300x300.png 300w, https:\/\/tomasvelzel.cz\/wp-content\/uploads\/2016\/12\/Tvrdohlav\u00fd-pes-150x150.png 150w, https:\/\/tomasvelzel.cz\/wp-content\/uploads\/2016\/12\/Tvrdohlav\u00fd-pes-768x768.png 768w, https:\/\/tomasvelzel.cz\/wp-content\/uploads\/2016\/12\/Tvrdohlav\u00fd-pes.png 858w\" sizes=\"auto, (max-width: 300px) 100vw, 300px\" \/><\/a><a href=\"https:\/\/tomasvelzel.cz\/?page_id=203\"><img loading=\"lazy\" decoding=\"async\" class=\"wp-image-783 size-medium aligncenter\" src=\"https:\/\/tomasvelzel.cz\/wp-content\/uploads\/2016\/12\/vse_co_delam-300x266.png\" alt=\"\" width=\"300\" height=\"266\" srcset=\"https:\/\/tomasvelzel.cz\/wp-content\/uploads\/2016\/12\/vse_co_delam-300x266.png 300w, https:\/\/tomasvelzel.cz\/wp-content\/uploads\/2016\/12\/vse_co_delam.png 654w\" sizes=\"auto, (max-width: 300px) 100vw, 300px\" \/><\/a><\/p>\n<p style=\"text-align: center;\"><div class=\"ffs-sep\" id=\"ffs-sep-93\" style=\"border-bottom:1px solid #ebebeb;  height:10px; \"><\/div><div class=\"clearfix\"><\/div><\/p>\n<p style=\"text-align: center;\">Miluji um\u011bn\u00ed! Miluji tvo\u0159en\u00ed! Miluji, kdy\u017e n\u011bkomu mohu ud\u011blat radost&#8230; proto jsem p\u0159ed \u010dasem zalo\u017eil divad\u00e9lko S RADOST\u00cd, jeho\u017e hlavn\u00edm c\u00edlem\u00a0je rozd\u00e1vat radost! Pokud V\u00e1s n\u011bco o tomto projektu zaj\u00edm\u00e1, klikn\u011bte na obr\u00e1zek n\u00ed\u017ee.<\/p>\n<p style=\"text-align: center;\"><a href=\"http:\/\/www.sradosti.com\" target=\"_blank\" rel=\"noopener\"><img loading=\"lazy\" decoding=\"async\" class=\"alignnone wp-image-217 size-medium aligncenter\" src=\"https:\/\/tomasvelzel.cz\/wp-content\/uploads\/2016\/12\/11880422_568113613328167_8587593841678864179_n-143x300.png\" width=\"143\" height=\"300\" srcset=\"https:\/\/tomasvelzel.cz\/wp-content\/uploads\/2016\/12\/11880422_568113613328167_8587593841678864179_n-143x300.png 143w, https:\/\/tomasvelzel.cz\/wp-content\/uploads\/2016\/12\/11880422_568113613328167_8587593841678864179_n.png 290w\" sizes=\"auto, (max-width: 143px) 100vw, 143px\" \/><\/a><\/p>\n","protected":false},"excerpt":{"rendered":"<p>Nev\u00edm jestli to v\u00edte, ale hraju a skl\u00e1d\u00e1m p\u00edsn\u011b v kapele Silence and Joy! Skl\u00e1d\u00e1m a tvo\u0159\u00edm tak\u00e9 p\u00edsn\u011b pro d\u011bti, kter\u00e9 tak\u00e9 vyu\u017e\u00edv\u00e1m ve sv\u00fdch divadeln\u00edch p\u0159edstaven\u00edch. M\u00e1m u\u017e na kont\u011b dv\u011b hudebn\u00ed CD pro d\u011bti. CD\u00e9\u010dko pln\u00e9 radostn\u00fdch a nau\u010dn\u00fdch p\u00edsn\u00ed s n\u00e1zvem &#8222;TVRDOHLAV\u00dd PES&#8220; a k\u0159es\u0165ansk\u00e9 CD pro celou rodinu nesouc\u00ed n\u00e1zev&#8230;<\/p>\n","protected":false},"author":1,"featured_media":0,"parent":0,"menu_order":0,"comment_status":"closed","ping_status":"closed","template":"","meta":{"_kad_post_transparent":"","_kad_post_title":"","_kad_post_layout":"","_kad_post_sidebar_id":"","_kad_post_content_style":"","_kad_post_vertical_padding":"","_kad_post_feature":"","_kad_post_feature_position":"","_kad_post_header":false,"_kad_post_footer":false,"footnotes":""},"class_list":["post-133","page","type-page","status-publish","hentry"],"_links":{"self":[{"href":"https:\/\/tomasvelzel.cz\/index.php?rest_route=\/wp\/v2\/pages\/133","targetHints":{"allow":["GET"]}}],"collection":[{"href":"https:\/\/tomasvelzel.cz\/index.php?rest_route=\/wp\/v2\/pages"}],"about":[{"href":"https:\/\/tomasvelzel.cz\/index.php?rest_route=\/wp\/v2\/types\/page"}],"author":[{"embeddable":true,"href":"https:\/\/tomasvelzel.cz\/index.php?rest_route=\/wp\/v2\/users\/1"}],"replies":[{"embeddable":true,"href":"https:\/\/tomasvelzel.cz\/index.php?rest_route=%2Fwp%2Fv2%2Fcomments&post=133"}],"version-history":[{"count":14,"href":"https:\/\/tomasvelzel.cz\/index.php?rest_route=\/wp\/v2\/pages\/133\/revisions"}],"predecessor-version":[{"id":1104,"href":"https:\/\/tomasvelzel.cz\/index.php?rest_route=\/wp\/v2\/pages\/133\/revisions\/1104"}],"wp:attachment":[{"href":"https:\/\/tomasvelzel.cz\/index.php?rest_route=%2Fwp%2Fv2%2Fmedia&parent=133"}],"curies":[{"name":"wp","href":"https:\/\/api.w.org\/{rel}","templated":true}]}}